s divided by 610400.
2629
What is the remainder when 1210513 is divided by 212?
205
Calculate the remainder when 35312 is divided by 2071.
105
Calculate the remainder when 744989711 is divided by 149.
141
What is the remainder when 4502651 is divided by 13243?
31
What is the remainder when 2595514 is divided by 2105?
49
What is the remainder when 3283968 is divided by 733?
128
What is the remainder when 991319877 is divided by 495659936?
5
Calculate the remainder when 20049371 is divided by 84.
83
Calculate the remainder when 222023 is divided by 444.
23
What is the remainder when 72354175 is divided by 131?
124
What is the remainder when 42311397 is divided by 14103799?
0
Calculate the remainder when 82050219 is divided by 33.
9
What is the remainder when 1135852 is divided by 1761?
7
What is the remainder when 407452 is divided by 407368?
84
What is the remainder when 106860160 is divided by 46?
44
Calculate the remainder when 376934 is divided by 2724.
1022
Calculate the remainder when 98938476 is divided by 11.
10
Calculate the remainder when 133937 is divided by 10282.
271
Calculate the remainder when 109340 is divided by 2666.
34
Calculate the remainder when 12049 is divided by 11060.
989
What is the remainder when 15533876 is divided by 3902?
14
What is the remainder when 4485185 is divided by 705?
680
What is the remainder when 20681956 is divided by 1842?
1822
What is the remainder when 1151043 is divided by 30?
3
What is the remainder when 396277 is divided by 24655?
1797
What is the remainder when 8612694 is divided by 82?
70
What is the remainder when 730919 is divided by 94?
69
Calculate the remainder when 59055 is divided by 63.
24
What is the remainder when 7661314 is divided by 11661?
37
What is the remainder when 1864511 is divided by 312?
311
Calculate the remainder when 59400 is divided by 14176.
2696
What is the remainder when 303877 is divided by 1305?
1117
Calculate the remainder when 3636536 is divided by 51218.
58
Calculate the remainder when 30570545 is divided by 3.
2
What is the remainder when 3369917 is divided by 1684957?
3
What is the remainder when 39593742 is divided by 5?
2
What is the remainder when 10595049 is divided by 1938?
3
What is the remainder when 36387 is divided by 25?
12
What is the remainder when 1841179 is divided by 47?
1
Calculate the remainder when 142812 is divided by 420.
12
What is the remainder when 33349 is divided by 9525?
4774
What is the remainder when 1744968 is divided by 681?
246
What is the remainder when 2593056 is divided by 8337?
249
What is the remainder when 1211440 is divided by 1109?
412
What is the remainder when 64798507 is divided by 295?
282
What is the remainder when 734341 is divided by 9653?
713
Calculate the remainder when 4604234 is divided by 13703.
26
What is the remainder when 25724 is divided by 2306?
358
Calculate the remainder when 1420477 is divided by 5527.
38
What is the remainder when 1066383 is divided by 81989?
526
Calculate the remainder when 191859 is divided by 705.
99
What is the remainder when 95689 is divided by 1018?
1015
What is the remainder when 516393556 is divided by 517?
514
What is the remainder when 154979 is divided by 1366?
621
Calculate the remainder when 264450 is divided by 25939.
5060
Calculate the remainder when 416803 is divided by 415795.
1008
What is the remainder when 54806 is divided by 2737?
66
Calculate the remainder when 206059 is divided by 487.
58
What is the remainder when 1597543 is divided by 239?
67
Calculate the remainder when 272300 is divided by 705.
170
Calculate the remainder when 102603457 is divided by 46.
43
What is the remainder when 30237691 is divided by 12818?
29
Calculate the remainder when 93626 is divided by 2674.
36
What is the remainder when 47158876 is divided by 206837?
40
Calculate the remainder when 152067 is divided by 5044.
747
What is the remainder when 237785 is divided by 1029?
86
Calculate the remainder when 910252 is divided by 422.
420
Calculate the remainder when 13167864 is divided by 91.
73
What is the remainder when 2293288 is divided by 19?
7
Calculate the remainder when 84257 is divided by 4002.
215
What is the remainder when 1130723 is divided by 116?
71
What is the remainder when 52864 is divided by 7384?
1176
What is the remainder when 32445208 is divided by 210?
208
Calculate the remainder when 2333102 is divided by 33.
2
What is the remainder when 3018006 is divided by 14239?
13577
What is the remainder when 27837 is divided by 1495?
927
What is the remainder when 1650561 is divided by 23247?
24
What is the remainder when 856241 is divided by 195?
191
What is the remainder when 328385 is divided by 797?
21
Calculate the remainder when 2802 is divided by 638.
250
What is the remainder when 3908634 is divided by 16?
10
Calculate the remainder when 261152607 is divided by 6.
3
Calculate the remainder when 495153 is divided by 123551.
949
Calculate the remainder when 9081033 is divided by 1563.
3
Calculate the remainder when 3060466 is divided by 1490.
6
What is the remainder when 972291 is divided by 2991?
216
What is the remainder when 1928518 is divided by 9499?
221
What is the remainder when 46481973 is divided by 1674?
15
Calculate the remainder when 47721702 is divided by 259357.
14
Calculate the remainder when 1767551 is divided by 353510.
1
Calculate the remainder when 2469175 is divided by 411528.
7
Calculate the remainder when 333447 is divided by 1456.
23
Calculate the remainder when 2166932 is divided by 28.
12
Calculate the remainder when 22330765 is divided by 1078.
1073
Calculate the remainder when 13899217 is divided by 106917.
7
Calculate the remainder when 1915742 is divided by 485.
477
Calculate the remainder when 2164086 is divided by 18.
0
Calculate the remainder when 1313338 is divided by 42.
40
What is the remainder when 296419 is divided by 5000?
1419
Calculate the remainder when 97694 is divided by 331.
49
Calculate the remainder when 55013 is divided by 3231.
86
Calculate the remainder when 688392 is divided by 344058.
276
What is the remainder when 32693342 is divided by 5448885?
32
What is the remainder when 1052985 is divided by 350963?
96
Calculate the remainder when 187218 is divided by 339.
90
Calculate the remainder when 289198 is divided by 94292.
6322
Calculate the remainder when 12431096 is divided by 459.
458
What is the remainder when 488938 is divided by 4045?
3538
Calculate the remainder when 514482 is divided by 3.
0
Calculate the remainder when 69021367 is divided by 52.
51
Calculate the remainder when 380444 is divided by 3843.
3830
Calculate the remainder when 11158718 is divided by 242580.
38
Calculate the remainder when 660276 is divided by 329184.
1908
What is the remainder when 2433394 is divided by 270375?
19
What is the remainder when 9658361 is divided by 1089?
20
What is the remainder when 38542834 is divided by 474?
472
Calculate the remainder when 20828 is divided by 3612.
2768
Calculate the remainder when 8403131 is divided by 314.
177
Calculate the remainder when 82628083 is divided by 8.
3
What is the remainder when 229343 is divided by 1481?
1269
What is the remainder when 80380 is divided by 26157?
1909
Calculate the remainder when 1156776955 is divided by 15240.
15235
What is the remainder when 536992 is divided by 107330?
342
Calculate the remainder when 2482798 is divided by 112830.
538
Calculate the remainder when 29866515 is divided by 14352.
3
Calculate the remainder when 233182 is divided by 13.
1
Calculate the remainder when 4075853 is divided by 888.
821
Calculate the remainder when 282414 is divided by 94138.
0
What is the remainder when 208771 is divided by 6735?
6721
What is the remainder when 171416372 is divided by 925?
922
Calculate the remainder when 57411 is divided by 5302.
4391
What is the remainder when 310854546 is divided by 2988986?
2
Calculate the remainder when 13709157 is divided by 452.
449
What is the remainder when 3160393 is divided by 150?
43
Calculate the remainder when 1582575 is divided by 5861.
105
What is the remainder when 51692 is divided by 100?
92
Calculate the remainder when 1483482 is divided by 546.
0
Calculate the remainder when 16037901 is divided by 3564.
3465
What is the rem